s digit of 596703?
0
What is the units digit of 4440708?
8
What is the millions digit of 1943776?
1
What is the thousands digit of 1796841?
6
What is the units digit of 25872?
2
What is the tens digit of 13111392?
9
What is the units digit of 864645?
5
What is the hundreds digit of 2468444?
4
What is the ten thousands digit of 61129?
6
What is the thousands digit of 8156184?
6
What is the ten thousands digit of 35888?
3
What is the thousands digit of 1400755?
0
What is the thousands digit of 91394?
1
What is the hundreds digit of 262026?
0
What is the ten thousands digit of 649274?
4
What is the hundreds digit of 1092131?
1
What is the ten thousands digit of 424457?
2
What is the tens digit of 412386?
8
What is the ten thousands digit of 51971?
5
What is the ten thousands digit of 12796996?
9
What is the thousands digit of 10411603?
1
What is the thousands digit of 8064651?
4
What is the ten thousands digit of 416445?
1
What is the units digit of 70930?
0
What is the hundred thousands digit of 777164?
7
What is the hundreds digit of 123800?
8
What is the ten thousands digit of 65852?
6
What is the ten millions digit of 19050406?
1
What is the hundred thousands digit of 9158400?
1
What is the ten thousands digit of 195357?
9
What is the millions digit of 4225538?
4
What is the thousands digit of 9130971?
0
What is the hundreds digit of 451775?
7
What is the units digit of 37680?
0
What is the hundred thousands digit of 5708603?
7
What is the units digit of 26874?
4
What is the thousands digit of 6599972?
9
What is the ten thousands digit of 4383252?
8
What is the hundreds digit of 1655335?
3
What is the hundred thousands digit of 2286901?
2
What is the thousands digit of 466206?
6
What is the thousands digit of 1673355?
3
What is the hundreds digit of 1713206?
2
What is the hundreds digit of 161778?
7
What is the tens digit of 729053?
5
What is the units digit of 11239542?
2
What is the units digit of 119396?
6
What is the tens digit of 46768?
6
What is the hundred thousands digit of 906070?
9
What is the thousands digit of 40364?
0
What is the millions digit of 2061803?
2
What is the ten thousands digit of 90964?
9
What is the ten thousands digit of 623163?
2
What is the ten thousands digit of 261181?
6
What is the tens digit of 2027024?
2
What is the hundreds digit of 188010?
0
What is the ten thousands digit of 569877?
6
What is the units digit of 587788?
8
What is the units digit of 412462?
2
What is the thousands digit of 24205?
4
What is the tens digit of 8564019?
1
What is the units digit of 2759872?
2
What is the hundred thousands digit of 513322?
5
What is the ten millions digit of 16200663?
1
What is the hundred thousands digit of 597927?
5
What is the tens digit of 4238655?
5
What is the hundreds digit of 396813?
8
What is the units digit of 170754?
4
What is the hundreds digit of 215517?
5
What is the hundred thousands digit of 886754?
8
What is the millions digit of 1058141?
1
What is the ten thousands digit of 1289806?
8
What is the tens digit of 1184876?
7
What is the thousands digit of 1446740?
6
What is the hundreds digit of 55356?
3
What is the tens digit of 395029?
2
What is the units digit of 7231755?
5
What is the hundred thousands digit of 150295?
1
What is the hundreds digit of 28446808?
8
What is the tens digit of 1637954?
5
What is the hundreds digit of 1972235?
2
What is the hundred thousands digit of 325590?
3
What is the ten thousands digit of 116253?
1
What is the thousands digit of 2861043?
1
What is the units digit of 2374277?
7
What is the hundreds digit of 1663659?
6
What is the ten thousands digit of 92529?
9
What is the tens digit of 129576?
7
What is the hundreds digit of 266788?
7
What is the tens digit of 585866?
6
What is the hundred thousands digit of 162749?
1
What is the units digit of 260267?
7
What is the thousands digit of 9772152?
2
What is the tens digit of 1098268?
6
What is the thousands digit of 163659?
3
What is the hundreds digit of 19409632?
6
What is the units digit of 1519004?
4
What is the thousands digit of 481662?
1
What is the hundred thousands digit of 267076?
2
What is the tens digit of 464883?
8
What is the millions digit of 4577795?
4
What is the hundreds digit of 215?
2
What is the ten thousands digit of 544926?
4
What is the tens digit of 670621?
2
What is the hundreds digit of 1841959?
9
What is the hundreds digit of 13828978?
9
What is the tens digit of 13257?
5
What is the thousands digit of 7678548?
8
What is the hundred thousands digit of 10216538?
2
What is the thousands digit of 12555070?
5
What is the hundred thousands digit of 813003?
8
What is the tens digit of 10603601?
0
What is the thousands digit of 906233?
6
What is the hundred thousands digit of 308768?
3
What is the ten thousands digit of 6886323?
8
What is the hundreds digit of 906865?
8
What is the hundred thousands digit of 15789106?
7
What is the tens digit of 1693146?
4
What is the thousands digit of 12271523?
1
What is the ten thousands digit of 498748?
9
What is the ten thousands digit of 231470?
3
What is the tens digit of 5517044?
4
What is the ten thousands digit of 176828?
7
What is the hundreds digit of 58746?
7
What is the hundreds digit of 631681?
6
What is the units digit of 12758411?
1
What is the thousands digit of 75563?
5
What is the hundreds digit of 1405006?
0
What is the millions digit of 7987758?
7
What is the ten thousands digit of 576951?
7
What is the hundred thousands digit of 12603514?
6
What is the hundred thousands digit of 8235625?
2
What is the units digit of 32528880?
0
What is the hundred thousands digit of 108982?
1
What is the thousands digit of 420668?
0
What is the tens digit of 88543?
4
What is the hundred thousands digit of 102021?
1
What is the ten thousands digit of 4459529?
5
What is the hundred thousands digit of 184282?
1
What is the hundred thousands digit of 458949?
4
What is the ten thousands digit of 2409698?
0
What is the ten thousands digit of 222359?
2
What is the units digit of 20510018?
8
What is the ten thousands digit of 3768220?
6
What is the units digit of 1383445?
5
What is the hundreds digit of 10085941?
9
What is the hundred thousands digit of 14735622?
7
What is the hundreds digit of 298515?
5
What is the tens digit of 295557?
5
What is the units digit of 928222?
2
What is the thousands digit of 1205909?
5
What is the thousands digit of 1247454?
7
What is the hundreds digit of 2273807?
8
What is the millions digit of 9835994?
9
What is the thousands digit of 298885?
8
What is the thousands digit of 5414449?
4
What is the hundreds digit of 1024509?
5
What is the units digit of 3555890?
0
What is the hundreds digit of 195820?
8
What is the units digit of 3381929?
9
What is the units digit of 251400?
0
What is the hundreds digit of 833545?
5
What is the tens digit of 201936?
3
What is the thousands digit of 98175?
8
What is the tens digit of 11683872?
7
What is the units digit of 449521?
1
What is the tens digit of 184013?
1
What is the thousands digit of 137652?
7
What is the hundred thousands digit of 138086?
1
What is the thousands digit of 2124424?
4
What is the hundreds digit of 1703831?
8
What is the hundreds digit of 2593630?
6
What is the hundred thousands digit of 186315?
1
What is the units digit of 5721728?
8
What is the millions digit of 1724334?
1
What is the thousands digit of 192035?
2
What is the thousands digit of 92512?
2
What is the hundred thousands digit of 1997830?
9
What is the units digit of 67420?
0
What is the thousands digit of 2159609?
9
What is the thousands digit of 2533299?
3
What is the units digit of 626411?
1
What is the units digit of 346546?
6
What is the thousands digit of 240056?
0
What is the millions digit of 5245517?
5
What is the units digit of 9559429?
9
What is the units digit of 2476852?
2
What is the thousands digit of 149481?
9
What is the hundred thousands digit of 9178979?
1
What is the hundred thousands digit of 336878?
3
What is the hundreds digit of 1130447?
4
What is the ten thousands digit of 25047490?
4
What is the hundred thousands digit of 6293593?
2
What is the ten thousands digit of 171823?
7
What is the hundred thousands digit of 4362792?
3
What is the ten thousands digit of 433903?
3
What is